{"id":53,"date":"2021-06-01T14:21:38","date_gmt":"2021-06-01T12:21:38","guid":{"rendered":"http:\/\/www.ajttemuseivanner.se\/2021\/?page_id=53"},"modified":"2024-03-03T10:31:01","modified_gmt":"2024-03-03T09:31:01","slug":"kontakt-2","status":"publish","type":"page","link":"http:\/\/www.ajttemuseivanner.se\/start\/kontakt-2\/","title":{"rendered":"Kontakt"},"content":{"rendered":"<p>\u00c1jtte Musei V\u00e4nner<br \/>\nc\/o \u00c1jtte, Svenskt Fj\u00e4ll- och Samemuseum<br \/>\nBox 116<br \/>\nSE-962 23 JOKKMOKK<\/p>\n<p>Ordf\u00f6rande Lars Lehman<br \/>\nE-post: museivanner(a)ajtte.com<\/p>\n<p>Vi finns p\u00e5 facebook ocks\u00e5:<\/p>\n<p><a href=\"https:\/\/www.facebook.com\/groups\/375547929692707\/\">https:\/\/www.facebook.com\/groups\/375547929692707\/<\/a><\/p>\n","protected":false},"excerpt":{"rendered":"<p>\u00c1jtte Musei V\u00e4nner c\/o \u00c1jtte, Svenskt Fj\u00e4ll- och Samemuseum Box 116 SE-962 23 JOKKMOKK Ordf\u00f6rande Lars Lehman E-post: museivanner(a)ajtte.com Vi finns p\u00e5 facebook ocks\u00e5: https:\/\/www.facebook.com\/groups\/375547929692707\/<\/p>\n<p class=\"more-link-p\"><a class=\"btn btn-primary\" href=\"http:\/\/www.ajttemuseivanner.se\/start\/kontakt-2\/\">Read more &rarr;<\/a><\/p>\n","protected":false},"author":1,"featured_media":0,"parent":0,"menu_order":0,"comment_status":"closed","ping_status":"closed","template":"","meta":{"_monsterinsights_skip_tracking":false,"_monsterinsights_sitenote_active":false,"_monsterinsights_sitenote_note":"","_monsterinsights_sitenote_category":0,"footnotes":""},"class_list":["post-53","page","type-page","status-publish","hentry"],"_links":{"self":[{"href":"http:\/\/www.ajttemuseivanner.se\/start\/wp-json\/wp\/v2\/pages\/53","targetHints":{"allow":["GET"]}}],"collection":[{"href":"http:\/\/www.ajttemuseivanner.se\/start\/wp-json\/wp\/v2\/pages"}],"about":[{"href":"http:\/\/www.ajttemuseivanner.se\/start\/wp-json\/wp\/v2\/types\/page"}],"author":[{"embeddable":true,"href":"http:\/\/www.ajttemuseivanner.se\/start\/wp-json\/wp\/v2\/users\/1"}],"replies":[{"embeddable":true,"href":"http:\/\/www.ajttemuseivanner.se\/start\/wp-json\/wp\/v2\/comments?post=53"}],"version-history":[{"count":3,"href":"http:\/\/www.ajttemuseivanner.se\/start\/wp-json\/wp\/v2\/pages\/53\/revisions"}],"predecessor-version":[{"id":218,"href":"http:\/\/www.ajttemuseivanner.se\/start\/wp-json\/wp\/v2\/pages\/53\/revisions\/218"}],"wp:attachment":[{"href":"http:\/\/www.ajttemuseivanner.se\/start\/wp-json\/wp\/v2\/media?parent=53"}],"curies":[{"name":"wp","href":"https:\/\/api.w.org\/{rel}","templated":true}]}}

<p>Ájtte Musei Vänner<br />
c/o Ájtte, Svenskt Fjäll- och Samemuseum<br />
Box 116<br />
SE-962 23 JOKKMOKK</p>
<p>Ordförande Lars Lehman<br />
E-post: museivanner(a)ajtte.com</p>
<p>Vi finns på facebook också:</p>
<p><a href="https://www.facebook.com/groups/375547929692707/">https://www.facebook.com/groups/375547929692707/</a></p>

<p>Ájtte Musei Vänner c/o Ájtte, Svenskt Fjäll- och Samemuseum Box 116 SE-962 23 JOKKMOKK Ordförande Lars Lehman E-post: museivanner(a)ajtte.com Vi finns på facebook också: https://www.facebook.com/groups/375547929692707/</p>
<p class="more-link-p"><a class="btn btn-primary" href="http://www.ajttemuseivanner.se/start/kontakt-2/">Read more &rarr;</a></p>
