{"id":2,"date":"2021-05-26T13:57:37","date_gmt":"2021-05-26T11:57:37","guid":{"rendered":"http:\/\/www.ajttemuseivanner.se\/2021\/?page_id=2"},"modified":"2025-02-20T17:43:25","modified_gmt":"2025-02-20T16:43:25","slug":"kontakt","status":"publish","type":"page","link":"https:\/\/www.ajttemuseivanner.se\/start\/kontakt\/","title":{"rendered":"P\u00e5 g\u00e5ng med \u00c1jtte Musei V\u00e4nner"},"content":{"rendered":"<h3>H\u00e4nder under marknaden med f\u00f6reningen<\/h3>\n<h4><em>Tisdag 4 februari kl 16-18<\/em><\/h4>\n<h4>F\u00f6rel\u00e4sning om arkeologiska fynd och \u00e5rsm\u00f6te<\/h4>\n<p><strong>Plats:<\/strong> \u00c1jtte museums h\u00f6rsal. Ing\u00e5ng fr\u00e5n huvudentr\u00e9n.<br \/>\n<strong>kl 16<\/strong> Anna Rimpi ber\u00e4ttar om arkeologiska fynd i v\u00e5ra omgivningar. Kostnadsfritt.<br \/>\n<strong>kl 17<\/strong> \u00c5rsm\u00f6te: Kallelse och \u00e5rsm\u00f6teshandlingarna finner du <a href=\"ttps:\/\/www.ajttemuseivanner.se\/start\/arsmoteshandlingar\/ P\">h\u00e4r<\/a>. Kom ih\u00e5g att betala din medlemsavgift f\u00f6re \u00e5rsm\u00f6tet.<\/p>\n<h4><em>Fredag kl 14-15 <\/em><\/h4>\n<h4>N\u00e4r markerna talar: Tina Harnesk och Sigbj\u00f6rn Sk\u00e5den samtalar med Pia Sj\u00f6gren<\/h4>\n<p><strong>Plats:<\/strong> Tj\u00e1llegoahte. Stortorget 4.<br \/>\nF\u00f6rfattarna Tina Harnesk och Sigbj\u00f6rn Sk\u00e5den samtalar med Pia Sj\u00f6gren om hur relationen mellan m\u00e4nniska och marker gestaltas i deras nya romaner. De skriver b\u00e5da om karakt\u00e4rer som s\u00f6ker sig hem till S\u00e1pmi, men g\u00e5r det att komma hem. I samarbete med Tj\u00e1llegoahte och \u00c1jtte museum. Kostnadsfritt.<\/p>\n<p>Bures boahtin!\/ Buorisboahtem!\/ Burist b\u00e5htem!\/ Buerestb\u00e5htieme!\/ Buerie b\u00e5eteme! V\u00e4lkommen!<\/p>\n<h3>Aktuellt<\/h3>\n<p><strong>Medlemsbrev<\/strong> f\u00f6r h\u00f6sten finns att ta del av <a href=\"http:\/\/www.ajttemuseivanner.se\/start\/wp-content\/uploads\/2024\/10\/Medlemsbrev-host-AMV-2024.pdf\">h\u00e4r<\/a>.<\/p>\n<p>\u00c5rsm\u00f6tesprotokollet fr\u00e5n 2024 finns att ta del av <a href=\"http:\/\/www.ajttemuseivanner.se\/start\/wp-content\/uploads\/2024\/03\/Arsmotesprotkoll_med_bilaga_2024.pdf\">h\u00e4r.<\/a><\/p>\n<p>Postadress:<br \/>\n\u00c1jtte Musei V\u00e4nner<br \/>\nc\/o \u00c1jtte, Svenskt Fj\u00e4ll- och Samemuseum<br \/>\nBox 116<br \/>\nSE-962 23 JOKKMOKK<\/p>\n<p><iframe loading=\"lazy\" src=\"https:\/\/www.google.com\/maps\/embed?pb=!1m14!1m8!1m3!1d792.1425347816402!2d19.842606307262663!3d66.60411302464142!3m2!1i1024!2i768!4f13.1!3m3!1m2!1s0x45d7b6d51963a295%3A0x3b4e95a147ab4b10!2s%C3%81jtte+Svenskt+Fj%C3%A4ll-+och+Samemuseum!5e0!3m2!1ssv!2sse!4v1394053390830\" width=\"750\" height=\"500\" frameborder=\"0\" data-mce-fragment=\"1\"><\/iframe><\/p>\n","protected":false},"excerpt":{"rendered":"<p>H\u00e4nder under marknaden med f\u00f6reningen Tisdag 4 februari kl 16-18 F\u00f6rel\u00e4sning om arkeologiska fynd och \u00e5rsm\u00f6te Plats: \u00c1jtte museums h\u00f6rsal. Ing\u00e5ng fr\u00e5n huvudentr\u00e9n. kl 16 Anna Rimpi ber\u00e4ttar om arkeologiska fynd i v\u00e5ra omgivningar. Kostnadsfritt. kl 17 \u00c5rsm\u00f6te: Kallelse och \u00e5rsm\u00f6teshandlingarna finner du h\u00e4r. Kom ih\u00e5g att betala din medlemsavgift f\u00f6re \u00e5rsm\u00f6tet. Fredag kl 14-15&hellip;<\/p>\n<p class=\"more-link-p\"><a class=\"btn btn-primary\" href=\"https:\/\/www.ajttemuseivanner.se\/start\/kontakt\/\">Read more &rarr;<\/a><\/p>\n","protected":false},"author":1,"featured_media":0,"parent":0,"menu_order":0,"comment_status":"closed","ping_status":"open","template":"","meta":{"_monsterinsights_skip_tracking":false,"_monsterinsights_sitenote_active":false,"_monsterinsights_sitenote_note":"","_monsterinsights_sitenote_category":0,"footnotes":""},"class_list":["post-2","page","type-page","status-publish","hentry"],"_links":{"self":[{"href":"https:\/\/www.ajttemuseivanner.se\/start\/wp-json\/wp\/v2\/pages\/2","targetHints":{"allow":["GET"]}}],"collection":[{"href":"https:\/\/www.ajttemuseivanner.se\/start\/wp-json\/wp\/v2\/pages"}],"about":[{"href":"https:\/\/www.ajttemuseivanner.se\/start\/wp-json\/wp\/v2\/types\/page"}],"author":[{"embeddable":true,"href":"https:\/\/www.ajttemuseivanner.se\/start\/wp-json\/wp\/v2\/users\/1"}],"replies":[{"embeddable":true,"href":"https:\/\/www.ajttemuseivanner.se\/start\/wp-json\/wp\/v2\/comments?post=2"}],"version-history":[{"count":51,"href":"https:\/\/www.ajttemuseivanner.se\/start\/wp-json\/wp\/v2\/pages\/2\/revisions"}],"predecessor-version":[{"id":297,"href":"https:\/\/www.ajttemuseivanner.se\/start\/wp-json\/wp\/v2\/pages\/2\/revisions\/297"}],"wp:attachment":[{"href":"https:\/\/www.ajttemuseivanner.se\/start\/wp-json\/wp\/v2\/media?parent=2"}],"curies":[{"name":"wp","href":"https:\/\/api.w.org\/{rel}","templated":true}]}}

På gång med Ájtte Musei Vänner

<h3>Händer under marknaden med föreningen</h3>
<h4><em>Tisdag 4 februari kl 16-18</em></h4>
<h4>Föreläsning om arkeologiska fynd och årsmöte</h4>
<p><strong>Plats:</strong> Ájtte museums hörsal. Ingång från huvudentrén.<br />
<strong>kl 16</strong> Anna Rimpi berättar om arkeologiska fynd i våra omgivningar. Kostnadsfritt.<br />
<strong>kl 17</strong> Årsmöte: Kallelse och årsmöteshandlingarna finner du <a href="ttps://www.ajttemuseivanner.se/start/arsmoteshandlingar/ P">här</a>. Kom ihåg att betala din medlemsavgift före årsmötet.</p>
<h4><em>Fredag kl 14-15 </em></h4>
<h4>När markerna talar: Tina Harnesk och Sigbjörn Skåden samtalar med Pia Sjögren</h4>
<p><strong>Plats:</strong> Tjállegoahte. Stortorget 4.<br />
Författarna Tina Harnesk och Sigbjörn Skåden samtalar med Pia Sjögren om hur relationen mellan människa och marker gestaltas i deras nya romaner. De skriver båda om karaktärer som söker sig hem till Sápmi, men går det att komma hem. I samarbete med Tjállegoahte och Ájtte museum. Kostnadsfritt.</p>
<p>Bures boahtin!/ Buorisboahtem!/ Burist båhtem!/ Buerestbåhtieme!/ Buerie båeteme! Välkommen!</p>
<h3>Aktuellt</h3>
<p><strong>Medlemsbrev</strong> för hösten finns att ta del av <a href="http://www.ajttemuseivanner.se/start/wp-content/uploads/2024/10/Medlemsbrev-host-AMV-2024.pdf">här</a>.</p>
<p>Årsmötesprotokollet från 2024 finns att ta del av <a href="http://www.ajttemuseivanner.se/start/wp-content/uploads/2024/03/Arsmotesprotkoll_med_bilaga_2024.pdf">här.</a></p>
<p>Postadress:<br />
Ájtte Musei Vänner<br />
c/o Ájtte, Svenskt Fjäll- och Samemuseum<br />
Box 116<br />
SE-962 23 JOKKMOKK</p>
<p><iframe loading="lazy" src="https://www.google.com/maps/embed?pb=!1m14!1m8!1m3!1d792.1425347816402!2d19.842606307262663!3d66.60411302464142!3m2!1i1024!2i768!4f13.1!3m3!1m2!1s0x45d7b6d51963a295%3A0x3b4e95a147ab4b10!2s%C3%81jtte+Svenskt+Fj%C3%A4ll-+och+Samemuseum!5e0!3m2!1ssv!2sse!4v1394053390830" width="750" height="500" frameborder="0" data-mce-fragment="1"></iframe></p>

<p>Händer under marknaden med föreningen Tisdag 4 februari kl 16-18 Föreläsning om arkeologiska fynd och årsmöte Plats: Ájtte museums hörsal. Ingång från huvudentrén. kl 16 Anna Rimpi berättar om arkeologiska fynd i våra omgivningar. Kostnadsfritt. kl 17 Årsmöte: Kallelse och årsmöteshandlingarna finner du här. Kom ihåg att betala din medlemsavgift före årsmötet. Fredag kl 14-15&hellip;</p>
<p class="more-link-p"><a class="btn btn-primary" href="https://www.ajttemuseivanner.se/start/kontakt/">Read more &rarr;</a></p>
